st common divisor of 21 and 112.
7
Calculate the greatest common divisor of 600 and 225.
75
Calculate the greatest common factor of 186 and 18.
6
Calculate the greatest common factor of 890 and 8366.
178
What is the greatest common divisor of 6 and 54?
6
Calculate the greatest common divisor of 15 and 1500.
15
Calculate the highest common divisor of 224 and 96.
32
Calculate the highest common factor of 1401 and 3.
3
What is the greatest common divisor of 70 and 658?
14
Calculate the greatest common factor of 117 and 144.
9
Calculate the greatest common factor of 16 and 32.
16
What is the greatest common divisor of 43 and 13459?
43
Calculate the highest common factor of 1940 and 40.
20
Calculate the highest common factor of 15 and 10.
5
What is the highest common factor of 291 and 388?
97
What is the highest common divisor of 391 and 17?
17
Calculate the greatest common factor of 48 and 1176.
24
What is the highest common divisor of 1248 and 572?
52
What is the highest common factor of 13 and 143?
13
What is the greatest common factor of 155 and 5?
5
What is the highest common divisor of 462 and 132?
66
What is the greatest common factor of 1500 and 1950?
150
What is the greatest common divisor of 1859 and 11?
11
Calculate the highest common divisor of 737 and 1072.
67
Calculate the greatest common divisor of 41112 and 72.
72
Calculate the greatest common factor of 24 and 27876.
12
Calculate the greatest common factor of 2199 and 3.
3
Calculate the highest common divisor of 157 and 2.
1
What is the highest common divisor of 33 and 14454?
33
What is the greatest common divisor of 10106 and 62?
62
Calculate the highest common factor of 1856 and 174.
58
Calculate the highest common factor of 28779 and 159.
159
Calculate the highest common divisor of 297 and 198.
99
What is the greatest common divisor of 352 and 11?
11
What is the highest common divisor of 448 and 3696?
112
What is the highest common divisor of 6470 and 10?
10
Calculate the greatest common factor of 68 and 51.
17
What is the greatest common factor of 19 and 2603?
19
Calculate the greatest common factor of 6204 and 132.
132
Calculate the greatest common divisor of 86 and 38.
2
What is the greatest common factor of 333 and 2257?
37
What is the greatest common divisor of 1440 and 108?
36
Calculate the highest common divisor of 12 and 1212.
12
Calculate the highest common factor of 296 and 1998.
74
Calculate the highest common factor of 13 and 663.
13
What is the greatest common divisor of 3 and 768?
3
What is the greatest common divisor of 7061 and 161?
23
Calculate the highest common factor of 336 and 28.
28
What is the highest common divisor of 39 and 37531?
13
Calculate the highest common factor of 276 and 180.
12
What is the highest common factor of 7 and 49?
7
Calculate the highest common divisor of 63 and 18.
9
What is the highest common factor of 95 and 38?
19
What is the highest common divisor of 8585 and 85?
85
Calculate the highest common factor of 24000 and 384.
192
What is the greatest common factor of 4826 and 762?
254
Calculate the greatest common factor of 120 and 1000.
40
What is the greatest common divisor of 14868 and 177?
177
What is the greatest common factor of 1224 and 2601?
153
Calculate the highest common divisor of 425 and 17.
17
What is the greatest common divisor of 126 and 154?
14
What is the greatest common factor of 26 and 2?
2
Calculate the greatest common factor of 272 and 584.
8
Calculate the greatest common divisor of 1179 and 27.
9
What is the highest common divisor of 69 and 36501?
69
What is the highest common divisor of 78 and 104?
26
Calculate the greatest common divisor of 24 and 1416.
24
Calculate the greatest common factor of 168 and 1904.
56
What is the greatest common factor of 25 and 1285?
5
What is the greatest common factor of 234 and 1040?
26
What is the highest common factor of 90 and 45?
45
What is the greatest common divisor of 3444 and 98?
14
Calculate the greatest common factor of 133 and 209.
19
What is the highest common divisor of 124 and 279?
31
What is the highest common factor of 30 and 705?
15
Calculate the greatest common factor of 8074 and 22.
22
Calculate the greatest common divisor of 774 and 324.
18
Calculate the greatest common divisor of 14 and 1792.
14
What is the greatest common factor of 1224 and 216?
72
Calculate the greatest common divisor of 476 and 340.
68
What is the greatest common factor of 29 and 4524?
29
What is the highest common divisor of 60 and 21372?
12
What is the greatest common factor of 455 and 55?
5
Calculate the highest common factor of 28 and 154.
14
What is the greatest common divisor of 957 and 22?
11
Calculate the greatest common divisor of 375 and 9.
3
What is the greatest common divisor of 1219 and 53?
53
What is the greatest common factor of 119 and 578?
17
What is the greatest common divisor of 1104 and 207?
69
What is the highest common factor of 21 and 4473?
21
What is the highest common factor of 30 and 915?
15
What is the highest common factor of 231 and 1221?
33
What is the highest common factor of 1410 and 30?
30
Calculate the highest common factor of 32 and 1632.
32
What is the greatest common factor of 212 and 13886?
106
Calculate the highest common factor of 15 and 75.
15
What is the greatest common factor of 84 and 224?
28
What is the greatest common factor of 2112 and 2992?
176
Calculate the highest common factor of 216 and 27.
27
Calculate the highest common divisor of 1643 and 62.
31
Calculate the greatest common factor of 306 and 13311.
153
What is the highest common factor of 253 and 55?
11
What is the highest common divisor of 3087 and 63?
63
What is the greatest common factor of 1008 and 54?
18
What is the highest common divisor of 221 and 104?
13
What is the highest common divisor of 17 and 8704?
17
What is the highest common factor of 1209 and 589?
31
What is the highest common divisor of 19 and 1862?
19
What is the greatest common factor of 8339 and 31?
31
What is the highest common divisor of 51 and 2193?
51
What is the greatest common divisor of 92 and 437?
23
What is the greatest common divisor of 2047 and 23?
23
What is the greatest common divisor of 8 and 3568?
8
What is the highest common factor of 1 and 1102?
1
Calculate the highest common factor of 14 and 77.
7
What is the highest common factor of 272 and 901?
17
What is the highest common divisor of 6 and 183?
3
Calculate the highest common factor of 65 and 26.
13
Calculate the highest common divisor of 21 and 8463.
21
What is the greatest common divisor of 25 and 515?
5
Calculate the highest common factor of 3549 and 21.
21
What is the highest common factor of 16807 and 98?
49
What is the greatest common divisor of 1121 and 779?
19
What is the highest common factor of 717 and 4780?
239
What is the greatest common divisor of 96 and 62112?
96
What is the highest common divisor of 289 and 561?
17
What is the highest common factor of 39 and 1017?
3
Calculate the highest common divisor of 2052 and 27.
27
What is the greatest common factor of 1572 and 1179?
393
What is the highest common factor of 3422 and 590?
118
What is the greatest common factor of 2349 and 29?
29
Calculate the highest common factor of 20 and 135.
5
Calculate the highest common divisor of 156 and 12.
12
Calculate the highest common divisor of 180 and 885.
15
What is the highest common divisor of 500 and 200?
100
Calculate the greatest common divisor of 25 and 1350.
25
Calculate the highest common factor of 14 and 14.
14
Calculate the greatest common factor of 793 and 130.
13
What is the greatest common factor of 70 and 13426?
14
Calculate the highest common divisor of 59 and 1593.
59
What is the highest common divisor of 266 and 646?
38
What is the greatest common factor of 16 and 30?
2
Calculate the highest common divisor of 28 and 441.
7
What is the greatest common divisor of 1185 and 105?
15
What is the greatest common divisor of 92 and 92?
92
What is the greatest common factor of 57 and 27?
3
What is the highest common factor of 552 and 24?
24
Calculate the highest common divisor of 50 and 110.
10
Calculate the greatest common divisor of 292 and 52.
4
Calculate the greatest common factor of 651 and 1457.
31
What is the highest common f